28 - ((-2 - -2) + 3 - 13)?
-127
What is 3 + 4 + 29 + -38 + -48 + 0?
-50
Evaluate -1 - ((6 - (-5 - (8 - 11))) + 0) - -61.
52
What is (-10 - -41) + -59 - -38?
10
Evaluate -494 + 521 - (-2 - -104) - -22.
-53
Evaluate 20 + -4 - ((-12 + 18 - 10) + 79).
-59
What is 20 + -32 - (-52 - -69)?
-29
What is -33 - (21 + 10 + (-15 - -20))?
-69
What is (-7 - (-28 + 50 + -1)) + 127?
99
What is 83 - 2 - (-479 + 657)?
-97
Evaluate -27 - (-18 - 12) - ((-2 - 1) + 5).
1
Calculate ((25 - -4) + 6 - 23) + (-3 - 63).
-54
-22 - (-9 + -3) - (-6 - -18 - 14)
-8
Evaluate 76 - (-35 + 47 + -19).
83
-1355 + 1326 - (-54 + -1)
26
What is the value of -26 - 1 - (2610 + -2647)?
10
Evaluate 17448 + -17455 + (-1 - 0 - -14) + -56 + 0.
-50
What is the value of (5 - (3 + -16)) + -207 + 198 - 142?
-133
Evaluate 16 + (-123 - -82) + (-1 - 0 - 0 - -1).
-25
17 + -30 + 17 - (-98 - -108)
-6
Evaluate 84 + (-15 - (-69 + 78)).
60
What is the value of 89 - (-1 - -2) - (10 + 5 + -2 + -8)?
83
Calculate 0 + 9 - -5 - 29.
-15
What is the value of 0 + 59 + (-122 - (-181 - -68))?
50
-290 + (285 - 0) + 90 + (-1 - -1 - 2)
83
What is the value of (-20 - -2) + (-98 - -91) - (1 + 2)?
-28
What is -25 + -1 + -25 + -82 + 71?
-62
-10 + 13 + -28 + -18
-43
What is the value of 4 + 7 + 10 + 4 + (-2 - 2)?
21
Evaluate -17 + (30 - -5) - (9 - 44) - (4 - 0).
49
What is -37 - (-12 + -4 + 40 - 3)?
-58
Calculate (-15 - (0 + -1)) + (-74 - (-153 + 55 - -58)).
-48
What is -519 + 485 + (0 - (-91 + 5))?
52
What is -33 - (-42 - -3) - (-3 - -29)?
-20
-73 - ((31 - 29) + (17 + -4 - 8))
-80
What is the value of -13 - -28 - (13 - (5 - -7))?
14
Evaluate 12 - -6 - (-4 + -20) - 2.
40
What is the value of -95 + 51 + -27 - (17 - 13)?
-75
Evaluate (67 - 73 - (-6 + 16)) + -24 + 7.
-33
Evaluate (0 - 6) + 2 - (-2879 + 2872).
3
What is the value of (-18 - ((6 - 48) + 20)) + (0 - (-1 - -12))?
-7
45 + 60 - (-33 - -159)
-21
What is 14 + 24 - -7 - 55?
-10
What is (4 - (-13 + -6)) + (0 - -4 - (4 + 4))?
19
Evaluate -2 + 4 - 0 - 61 - (-1423 - -1409).
-45
((-632 - -611) + 1 + 29 - -1) + 1 + -28
-17
Calculate -2218 + 2210 - (-35 + (5 - 2)).
24
What is 22 + 10 + -1 + -5 + 9?
35
Calculate -12 + -4 + (-1 - (1 + -1)) + -8 + 4.
-21
5 - (81 - (5 + 55))
-16
52 - (77 - (6 + 40))
21
What is the value of 31 - -23 - ((5 - (7 + -3)) + (0 - -7))?
46
Calculate (11 + -17 + -14 + -1 - -14) + 29 + -2.
20
6 - (24 + -30 + (-5 + -28 - -1) + -4)
48
Evaluate 39 + 2 + (2 - 1) + -3 + -8 + 4.
35
Calculate (-1 + -7 - (14 + (-2 + 13 - 29))) + 40.
36
What is 10 - (-20 - (-77 + -15 + 4 + 15))?
-43
Evaluate 82 + -75 + (-19 - (-1 - 1)) - 45.
-55
Evaluate -45 - (54 - (5 - -202)).
108
Calculate (-33 - (-6 - -10)) + (9 - (-12 - -3)) + -13.
-32
Calculate 2 - 49 - (-67 - (19 - 86)).
-47
Calculate (0 - (-4 + 16 + -6 + 5)) + 13 - -77.
79
What is -13 - -3 - (47 - (-7 + -2 + 14 - 9))?
-61
What is 36 - (9 + 21) - (1 - -2 - (-18 + 18))?
3
What is 14 + 2 + -19 + -3 + -18?
-24
What is -18 - (1 - -4 - 19 - -2)?
-6
Calculate -13 - ((-86 - 7) + 37).
43
What is the value of (-20 - (-5 + 2) - -7) + 15?
5
What is the value of -12 - (80 - (20 - 14) - 25)?
-61
What is the value of -10 + (8 - (-5 - (16 - 6)))?
13
Evaluate 62 + (-21 + 19 - -2) - -1.
63
Calculate 7 + -3 + -5 - (21 + -28) - (-11 - -44).
-27
Evaluate 4 - (26 + (9 - -26) + -31).
-26
(1 - 48) + (18 - (3 + 14 + -11)) + -19
-54
(57 + 3 - 48) + -65
-53
(0 + -8 - -27) + (-54 + 29 - 74)
-80
What is the value of 115 - 45 - (2 + -9 + (19 - -5))?
53
15 - (63 + 3 + (79 - 79))
-51
Calculate (-8 + 4 - -2) + (-66 - -54 - (-5 - 4)).
-5
Evaluate -108 - (-2 - 7) - (-7 + -11 + 10).
-91
What is (39 - 9) + (-375 - -271)?
-74
What is -906 - -905 - (4 - 50)?
45
Calculate (-187 - -176) + 0 + 14 - (1 - 6).
8
What is 1 - 7 - -93 - ((9 - 14) + -5 - -18)?
79
Evaluate -61 + -4 - (0 + -3 - ((-40 - 30) + 60)).
-72
6 + 5 + (-15 - -6) - (2 - 0)
0
Evaluate 75 + -91 + 72 + -77.
-21
Evaluate 54 + (-68 - -45) + 23.
54
Evaluate 32 + (-25 - (-1 + -23 - -71)).
-40
Calculate -9 + -1 + (7 - (14 + 5 + -19)) + -116.
-119
59 + (107 - 90) + (9 - 1) + -11
73
Calculate (10 - (-6 + 6)) + -3 + 1 - (-5 + 3).
10
What is the value of 91 + 31 + (17 - 6) + (-2 - 30)?
101
-35 - (-45 + (11 - 13 - -15))
-3
Calculate -51 + (45 - (42 + -65)).
17
What is -50 - -181 - 164 - 76?
-109
What is the value of -70 - -8 - (432 + -447)?
-47
Evaluate 13 + -7 + -41 + 24 + -19.
-30
What is 97 + -63 - (6 - 4 - 19)?
51
What is the value of 45 + (-16 + 54 - 10) + 2 + (1 - 2)?
74
Evaluate (95 - (98 - -18)) + 8 + 0 - (-3 + -1).
-9
Evaluate 4 + (-288 + 326 - (0 + (1 - (-2 + 5)))).
44
What is -214 - (-15 - 79 - -5)?
-125
(9 - (12 + 17)) + 24 + -10 + 11
5
Calculate (-41 - (-4 - -36)) + -15 + 27.
-61
(14 + 5 + -56 - -5) + (-9 + -1 - 0)
-42
Calculate -13 - (-132 - (12 + (12 - (20 + 2)))).
121
Evaluate 102 - (19 + 83) - (-13 - -1).
12
What is the value of 7 + (-3 - -8 - 6) - (68 - 52 - -23)?
-33
What is 5 - (38 + 11 + 15 + -7)?
-52
Calculate 4 - (-11 - (-14 + -3 + 3) - 11).
12
Evaluate 13 + (-18 - -2 - -28 - 83) + 4.
-54
Calculate -206 + (-63 - -87) + 83.
-99
What is -1 - (1 + -10 - ((-62 - -125) + -62))?
9
What is 34 - (-24 + (-29 - (22 - 97)))?
12
What is (66 + -49 - (8 - 3)) + -6 + 8?
14
19 + -30 + 33 + (16 - 40)
-2
What is the value of 19 + (9 - (52 - 41))?
17
Evaluate (-4 - 2 - (6 + -10)) + (-29 - 1) + -9.
-41
What is ((-10 - -16) + -54 - -30) + 33?
15
Evaluate 58 + (-39 - 31) - (0 + 9) - -57.
36
Evaluate (-6 - -18) + (0 - -16 - (-79 - -92)).
15
What is 8 - (-76 - (-87 + 29))?
26
Calculate -16 - (17 + (-157 - -91)).
33
What is 40 + (-34 - -26) + -12 - 21?
-1
-1 + 8 - (1 + -12 + -8)
26
What is the value of (173 - 92) + (-3 - 23)?
55
Calculate 0 + ((2 - -1) + 3 + 16 - 4).
18
Evaluate -23 + 34 + -46 - -30.
-5
What is the value of -54 + 1 + -2794 + 2830?
-17
Evaluate (3 - (6 - 3) - -8) + 651 + -640.
19
110 - (0 + 11 + -19 - -11 - (4 + -6))
105
5 - 0 - (97 + -103) - -42
53
Calculate 3 + -1 + (6 - 13 - -5 - -12).
12
What is the value of 15 - (6 + 85 + 0 - (46 - 41))?
-71
What is -81 + (-77 + 133 - 18)?
-43
1 + 8 + 1 + (-112 + 101 - 33)
-34
Evaluate (-7 - 1) + -18 + -8 + 6 + 34 + -107.
-101
What is the value of (-4 - (4 - 5)) + 92 + (86 - 117)?
58
(-69 + 0 + 76 - (11 - 1)) + 14
11
Evaluate 5 - (0 + 93) - (16 + (9 + -16 - 5)).
-92
(-13 - (6 + (-26 - -1))) + 8 + 0
14
93 - (21 - (1 + 18 - (-224 + 224)))
91
What is the value of -12 - (20 - 1) - -107?
76
-21 + (-512 - -540 - (45 + -2))
-36
-21 + 40 + -12 - (-4 + 4 + -10 - -3)
14
Evaluate 6 - (9 + -1 + 17) - (132 + -114).
-37
Evaluate (-78 - (-29 - (-26 + 16))) + -21.
-80
-51 + (7 + -14 - 13 - -10 - -20)
-41
Calculate (71 - (3 + (8 - (-6 + 5)))) + -9.
50
Evaluate 50 - (-1 - 7 - (9 + 3 + -15)) - -12.
67
Evaluate -43 + 33 + -21 + 45 + 2 + -19 + 54.
51
What is the value of (-10 - (-34 + 4) - 6) + -44?
-30
Evaluate -11 - (9 - 6) - -3 - (-38 - -35) - 101.
-109
What is 30 + (-5 - (28 + 18)) + (118 - -2)?
99
What is the value of -22 - 9 - -46 - 46?
-31
What is the value of (13 - (-48 - -70) - (-2 + (2 - 1))) + 54?
46
What is 26 + -22 + (-34 + 17 - -25)?
12
What is the value of -77 - (-2 + (14 - 2)) - (8 + 6 + -18)?
-83
What is the value of (78 - 182) + 182 - (-2 - 4)?
84
What is (36 + -4 - 41) + 1?
-8
Evaluate -5 - (13 + (15 - 14) - 8) - -58.
47
Evaluate 145 + -125 + 24 + 6 + -6 + 15.
59
Calculate (-34 - 66) + 38 + 11.
-51
-25 - (10 + (-2 + -4 - (-11 - -7 - -13)))
-20
Evaluate 107 + 52 + -53 + -38.
68
Evaluate 21 + (-69 - (32 + -8 + -26)).
-46
177 + (-107 - (67 + -59))
62
What is the value of -4 + 2 + -6 + (-1 - 1) - (-7 - -5)?
-8
What is (19 - (7 + 4 + -26 - -23)) + 74?
85
What is -153 - -5 - (2016 - 2102)?
-62
Calculate 14 + -42 + (27 - -2) - 18.
-17
Calculate -99 + (-109 - -93) + (1 + 2 - -13 - 3).
-102
(-3 - -45) + 16 + -40 + 2 + 16
36
What is the value of 48 + -114 + 161 + -202?
-107
(-1 + -1 - (-23 + 45)) + 373 + -368
-19
Evaluate (2 - -4 - 4) + (-159 - -158).
1
Evaluate 11 + 2 + -2 - 21 - 5.
-15
What is the value of -125 + 66 + -6 + 14?
-51
What is (-6 - (1 + 5 + -7 + 2)) + 54?
47
92 + 107 + (-77 - 12)
110
Evaluate -110 + (-11 - 0 - -10) - (2 + 9 + -17).
-105
Calculate 12 + 1 - (30 - (2 + 16)) - 36.
-35
4 - 2 - (-1 + 45 + -30)
-12
6 + (6 + -108 + 10 - 3) - 9
-98
Calculate -12 + 24 - ((-9 - -4) + 17).
0
Calculate 57 - (-33 + -5 + 125).
-30
Calculate (9 + -9 - (41 - -14)) + (-16